{"id":859,"date":"2024-08-01T08:45:25","date_gmt":"2024-08-01T11:45:25","guid":{"rendered":"https:\/\/www.unsta.edu.ar\/panoramaseclesiales\/?page_id=859"},"modified":"2024-08-01T13:51:52","modified_gmt":"2024-08-01T16:51:52","slug":"ficha-n17","status":"publish","type":"page","link":"https:\/\/www.unsta.edu.ar\/panoramaseclesiales\/ficha-n17\/","title":{"rendered":"Ficha N\u00b017"},"content":{"rendered":"<h2>fichas<\/h2>\n<h2>Instituto de Investigaciones Hist\u00f3ricas UNSTA<\/h2>\n<h4>Ficha N\u00ba17:  \u201cLapachos en flor\u201d, de Te\u00f3filo Castillo<\/h4>\n<p>\t\t\t\t\t\t\t<button id=\"e-n-tabs-title-5201\" aria-selected=\"true\" data-tab-index=\"1\" role=\"tab\" tabindex=\"0\" aria-controls=\"e-n-tab-content-5201\" aria-label=\"Open tab (Enter or Space) | Return (Escape)\" style=\"--n-tabs-title-order: 1;\"><br \/>\n\t\t\t\t\tIdentificaci\u00f3n<br \/>\n\t\t\t<\/button><br \/>\n\t\t\t\t\t<button id=\"e-n-tabs-title-5202\" aria-selected=\"false\" data-tab-index=\"2\" role=\"tab\" tabindex=\"-1\" aria-controls=\"e-n-tab-content-5202\" aria-label=\"Open tab (Enter or Space) | Return (Escape)\" style=\"--n-tabs-title-order: 2;\"><br \/>\n\t\t\t\t\tRese\u00f1a<br \/>\n\t\t\t<\/button><br \/>\n\t\t\t\t\t<button id=\"e-n-tabs-title-5203\" aria-selected=\"false\" data-tab-index=\"3\" role=\"tab\" tabindex=\"-1\" aria-controls=\"e-n-tab-content-5203\" aria-label=\"Open tab (Enter or Space) | Return (Escape)\" style=\"--n-tabs-title-order: 3;\"><br \/>\n\t\t\t\t\tEnlaces y bibliograf\u00eda<br \/>\n\t\t\t<\/button><br \/>\n\t\t\t\t\t<button id=\"e-n-tabs-title-5204\" aria-selected=\"false\" data-tab-index=\"4\" role=\"tab\" tabindex=\"-1\" aria-controls=\"e-n-tab-content-5204\" aria-label=\"Open tab (Enter or Space) | Return (Escape)\" style=\"--n-tabs-title-order: 4;\"><br \/>\n\t\t\t\t\tGaleria de fotos<br \/>\n\t\t\t<\/button><\/p>\n<p><strong>\u00a0Autor:<\/strong> Alejandro Esser<\/p>\n<p><strong>Mail:<\/strong> <a style=\"color: #ffffff;\" href=\"mailto:alejandro.esser@unsta.edu.ar\">Alejandro Esser<\/a><\/p>\n<p><strong>Nombre:<\/strong> \u201cLapachos en flor\u201d, de Te\u00f3filo Castillo<\/p>\n<p><strong>Datos cronol\u00f3gicos:\u00a0<\/strong> 1921<\/p>\n<p><strong>Lugar:<\/strong> San Miguel de Tucum\u00e1n, Argentina<\/p>\n<p><strong>Direcci\u00f3n:<\/strong> 9 de julio 165<\/p>\n<p><strong>Palabras clave:<\/strong> Tucum\u00e1n, Arte, Pintura, Castillo<\/p>\n<p><i>Lapachos en flor<\/i>, un \u00f3leo apenas conocido y casi olvidado del maestro peruano Te\u00f3filo Castillo, amerita que nos detengamos en \u00e9l. Esta obra fue ejecutada posiblemente hacia 1922, y apareci\u00f3 publicada en la edici\u00f3n inaugural de la revista <i>Sol y Nieve<\/i>. El artista nos presenta esta vez una serena escena primaveral que est\u00e1 enmarcada por una vegetaci\u00f3n abundante y un majestuoso lapacho rosado que presume su exuberante floraci\u00f3n. Dos hermanos de la Orden de Predicadores se encuentran en un antiguo port\u00f3n del convento. Se trata de una escena de la vida cotidiana, en la que el artista nos sit\u00faa a una distancia justa donde nos permite ser testigos privilegiados del momento sin llegar a invadir la intimidad de los personajes. Un anciano fraile de cabeza blanca y bast\u00f3n en mano se acerca lentamente al port\u00f3n; el otro, un poco m\u00e1s joven, sale a su encuentro y lo espera a la sombra del dintel. Asoma imponente por detr\u00e1s de la escena, la c\u00fapula de la Bas\u00edlica del Rosario. Considerando la perspectiva de la imagen, podemos pensar que este muro, que hoy ya no existe, se levantaba en la parte posterior del templo, seguramente donde hoy se encuentra uno de los patios que est\u00e1 dentro de la Universidad dominica. El manejo crom\u00e1tico del artista asombra, la luz llena la escena y los colores del follaje ti\u00f1en todo el ambiente cuidando de no permitir que la atm\u00f3sfera pierda la calma y la serena alegr\u00eda que nos propone esta jornada primaveral.<\/p>\n<p>2023 \u201cLas huellas de Castillo en el bagaje art\u00edstico provincial\u201d. En: Diario \u201cLa Gaceta\u201d, Tucum\u00e1n:<\/p>\n<p><a style=\"color: #ffffff;\" href=\"https:\/\/www.lagaceta.com.ar\/nota\/992073\/politica\/huellas-castillo-bagaje-artisticoprovincial.html\">https:\/\/www.lagaceta.com.ar\/nota\/992073\/politica\/huellas-castillo-bagaje-artisticoprovincial.html<\/a>\u00a0<\/p>\n<p>\u00a0<\/p>\n<p>\t\t\t\t\t\t\t<a href=\"https:\/\/www.unsta.edu.ar\/panoramaseclesiales\/wp-content\/uploads\/sites\/33\/2024\/02\/Lapachos-en-flor-1922.-Coleccion-privada.jpg\" data-elementor-open-lightbox=\"yes\" data-elementor-lightbox-slideshow=\"all-3d8191a\" data-elementor-lightbox-title=\"Lapachos en flor (1922). Colecci\u00f3n privada\" data-e-action-hash=\"#elementor-action%3Aaction%3Dlightbox%26settings%3DeyJpZCI6Mjc0LCJ1cmwiOiJodHRwczpcL1wvd3d3LnVuc3RhLmVkdS5hclwvcGFub3JhbWFzZWNsZXNpYWxlc1wvd3AtY29udGVudFwvdXBsb2Fkc1wvc2l0ZXNcLzMzXC8yMDI0XC8wMlwvTGFwYWNob3MtZW4tZmxvci0xOTIyLi1Db2xlY2Npb24tcHJpdmFkYS5qcGciLCJzbGlkZXNob3ciOiJhbGwtM2Q4MTkxYSJ9\"><br \/>\n\t\t\t\t\t\t\t\t\t\t\t\t\t\t<\/a><\/p>\n<p><strong>\u00a0Autor:<\/strong> Alejandro Esser<\/p>\n<p><strong>Mail:<\/strong> <a style=\"color: #ffffff;\" href=\"mailto:alejandro.esser@unsta.edu.ar\">Alejandro Esser<\/a><\/p>\n<p><strong>Nombre:<\/strong> \u201cLapachos en flor\u201d, de Te\u00f3filo Castillo<\/p>\n<p><strong>Datos cronol\u00f3gicos:\u00a0<\/strong> 1921<\/p>\n<p><strong>Lugar:<\/strong> San Miguel de Tucum\u00e1n, Argentina<\/p>\n<p><strong>Direcci\u00f3n:<\/strong> 9 de julio 165<\/p>\n<p><strong>Palabras clave:<\/strong> Tucum\u00e1n, Arte, Pintura, Castillo<\/p>\n<p><i>Lapachos en flor<\/i>, un \u00f3leo apenas conocido y casi olvidado del maestro peruano Te\u00f3filo Castillo, amerita que nos detengamos en \u00e9l. Esta obra fue ejecutada posiblemente hacia 1922, y apareci\u00f3 publicada en la edici\u00f3n inaugural de la revista <i>Sol y Nieve<\/i>. El artista nos presenta esta vez una serena escena primaveral que est\u00e1 enmarcada por una vegetaci\u00f3n abundante y un majestuoso lapacho rosado que presume su exuberante floraci\u00f3n. Dos hermanos de la Orden de Predicadores se encuentran en un antiguo port\u00f3n del convento. Se trata de una escena de la vida cotidiana, en la que el artista nos sit\u00faa a una distancia justa donde nos permite ser testigos privilegiados del momento sin llegar a invadir la intimidad de los personajes. Un anciano fraile de cabeza blanca y bast\u00f3n en mano se acerca lentamente al port\u00f3n; el otro, un poco m\u00e1s joven, sale a su encuentro y lo espera a la sombra del dintel. Asoma imponente por detr\u00e1s de la escena, la c\u00fapula de la Bas\u00edlica del Rosario. Considerando la perspectiva de la imagen, podemos pensar que este muro, que hoy ya no existe, se levantaba en la parte posterior del templo, seguramente donde hoy se encuentra uno de los patios que est\u00e1 dentro de la Universidad dominica. El manejo crom\u00e1tico del artista asombra, la luz llena la escena y los colores del follaje ti\u00f1en todo el ambiente cuidando de no permitir que la atm\u00f3sfera pierda la calma y la serena alegr\u00eda que nos propone esta jornada primaveral.<\/p>\n<p>2023 \u201cLas huellas de Castillo en el bagaje art\u00edstico provincial\u201d. En: Diario \u201cLa Gaceta\u201d, Tucum\u00e1n:<\/p>\n<p><a style=\"color: #ffffff;\" href=\"https:\/\/www.lagaceta.com.ar\/nota\/992073\/politica\/huellas-castillo-bagaje-artisticoprovincial.html\">https:\/\/www.lagaceta.com.ar\/nota\/992073\/politica\/huellas-castillo-bagaje-artisticoprovincial.html<\/a>\u00a0<\/p>\n<p>\u00a0<\/p>\n<p>\t\t\t\t\t\t\t<a href=\"https:\/\/www.unsta.edu.ar\/panoramaseclesiales\/wp-content\/uploads\/sites\/33\/2024\/02\/Lapachos-en-flor-1922.-Coleccion-privada.jpg\" data-elementor-open-lightbox=\"yes\" data-elementor-lightbox-slideshow=\"all-3d8191a\" data-elementor-lightbox-title=\"Lapachos en flor (1922). Colecci\u00f3n privada\" data-e-action-hash=\"#elementor-action%3Aaction%3Dlightbox%26settings%3DeyJpZCI6Mjc0LCJ1cmwiOiJodHRwczpcL1wvd3d3LnVuc3RhLmVkdS5hclwvcGFub3JhbWFzZWNsZXNpYWxlc1wvd3AtY29udGVudFwvdXBsb2Fkc1wvc2l0ZXNcLzMzXC8yMDI0XC8wMlwvTGFwYWNob3MtZW4tZmxvci0xOTIyLi1Db2xlY2Npb24tcHJpdmFkYS5qcGciLCJzbGlkZXNob3ciOiJhbGwtM2Q4MTkxYSJ9\"><br \/>\n\t\t\t\t\t\t\t\t\t\t\t\t\t\t<\/a><\/p>\n","protected":false},"excerpt":{"rendered":"<p>fichas Instituto de Investigaciones Hist\u00f3ricas UNSTA Ficha N\u00ba17: \u201cLapachos en flor\u201d, de Te\u00f3filo Castillo Identificaci\u00f3n Rese\u00f1a Enlaces y bibliograf\u00eda Galeria de fotos \u00a0Autor: Alejandro Esser Mail: Alejandro Esser Nombre: \u201cLapachos en flor\u201d, de Te\u00f3filo Castillo Datos cronol\u00f3gicos:\u00a0 1921 Lugar: San Miguel de Tucum\u00e1n, Argentina Direcci\u00f3n: 9 de julio 165 Palabras clave: Tucum\u00e1n, Arte, Pintura, Castillo [&hellip;]<\/p>\n","protected":false},"author":12,"featured_media":0,"parent":0,"menu_order":0,"comment_status":"closed","ping_status":"closed","template":"","meta":{"_acf_changed":false,"_angie_page":false,"site-sidebar-layout":"no-sidebar","site-content-layout":"page-builder","ast-site-content-layout":"full-width-container","site-content-style":"default","site-sidebar-style":"default","ast-global-header-display":"","ast-banner-title-visibility":"","ast-main-header-display":"","ast-hfb-above-header-display":"","ast-hfb-below-header-display":"","ast-hfb-mobile-header-display":"","site-post-title":"disabled","ast-breadcrumbs-content":"","ast-featured-img":"disabled","footer-sml-layout":"","ast-disable-related-posts":"","theme-transparent-header-meta":"","adv-header-id-meta":"","stick-header-meta":"","header-above-stick-meta":"","header-main-stick-meta":"","header-below-stick-meta":"","astra-migrate-meta-layouts":"set","ast-page-background-enabled":"default","ast-page-background-meta":{"desktop":{"background-color":"var(--ast-global-color-4)","background-image":"","background-repeat":"repeat","background-position":"center center","background-size":"auto","background-attachment":"scroll","background-type":"","background-media":"","overlay-type":"","overlay-color":"","overlay-opacity":"","overlay-gradient":""},"tablet":{"background-color":"","background-image":"","background-repeat":"repeat","background-position":"center center","background-size":"auto","background-attachment":"scroll","background-type":"","background-media":"","overlay-type":"","overlay-color":"","overlay-opacity":"","overlay-gradient":""},"mobile":{"background-color":"","background-image":"","background-repeat":"repeat","background-position":"center center","background-size":"auto","background-attachment":"scroll","background-type":"","background-media":"","overlay-type":"","overlay-color":"","overlay-opacity":"","overlay-gradient":""}},"ast-content-background-meta":{"desktop":{"background-color":"var(--ast-global-color-5)","background-image":"","background-repeat":"repeat","background-position":"center center","background-size":"auto","background-attachment":"scroll","background-type":"","background-media":"","overlay-type":"","overlay-color":"","overlay-opacity":"","overlay-gradient":""},"tablet":{"background-color":"var(--ast-global-color-5)","background-image":"","background-repeat":"repeat","background-position":"center center","background-size":"auto","background-attachment":"scroll","background-type":"","background-media":"","overlay-type":"","overlay-color":"","overlay-opacity":"","overlay-gradient":""},"mobile":{"background-color":"var(--ast-global-color-5)","background-image":"","background-repeat":"repeat","background-position":"center center","background-size":"auto","background-attachment":"scroll","background-type":"","background-media":"","overlay-type":"","overlay-color":"","overlay-opacity":"","overlay-gradient":""}},"footnotes":""},"class_list":["post-859","page","type-page","status-publish","hentry"],"acf":[],"_links":{"self":[{"href":"https:\/\/www.unsta.edu.ar\/panoramaseclesiales\/wp-json\/wp\/v2\/pages\/859","targetHints":{"allow":["GET"]}}],"collection":[{"href":"https:\/\/www.unsta.edu.ar\/panoramaseclesiales\/wp-json\/wp\/v2\/pages"}],"about":[{"href":"https:\/\/www.unsta.edu.ar\/panoramaseclesiales\/wp-json\/wp\/v2\/types\/page"}],"author":[{"embeddable":true,"href":"https:\/\/www.unsta.edu.ar\/panoramaseclesiales\/wp-json\/wp\/v2\/users\/12"}],"replies":[{"embeddable":true,"href":"https:\/\/www.unsta.edu.ar\/panoramaseclesiales\/wp-json\/wp\/v2\/comments?post=859"}],"version-history":[{"count":13,"href":"https:\/\/www.unsta.edu.ar\/panoramaseclesiales\/wp-json\/wp\/v2\/pages\/859\/revisions"}],"predecessor-version":[{"id":879,"href":"https:\/\/www.unsta.edu.ar\/panoramaseclesiales\/wp-json\/wp\/v2\/pages\/859\/revisions\/879"}],"wp:attachment":[{"href":"https:\/\/www.unsta.edu.ar\/panoramaseclesiales\/wp-json\/wp\/v2\/media?parent=859"}],"curies":[{"name":"wp","href":"https:\/\/api.w.org\/{rel}","templated":true}]}}