{"id":732,"date":"2024-06-03T14:16:46","date_gmt":"2024-06-03T17:16:46","guid":{"rendered":"https:\/\/www.unsta.edu.ar\/panoramaseclesiales\/?page_id=732"},"modified":"2024-06-03T14:41:13","modified_gmt":"2024-06-03T17:41:13","slug":"cynthia-folquer","status":"publish","type":"page","link":"https:\/\/www.unsta.edu.ar\/panoramaseclesiales\/cynthia-folquer\/","title":{"rendered":"Cynthia Folquer"},"content":{"rendered":"<h3>Cynthia Folquer<\/h3>\n<p>\t\t\t\t\t\t\t\t\t\t\t\t\t\t\t<img decoding=\"async\" width=\"100\" height=\"100\" src=\"https:\/\/www.unsta.edu.ar\/panoramaseclesiales\/wp-content\/uploads\/sites\/33\/2024\/02\/Folquer_inst_historia.jpg\" alt=\"\" loading=\"lazy\" srcset=\"https:\/\/www.unsta.edu.ar\/panoramaseclesiales\/wp-content\/uploads\/sites\/33\/2024\/02\/Folquer_inst_historia.jpg 100w, https:\/\/www.unsta.edu.ar\/panoramaseclesiales\/wp-content\/uploads\/sites\/33\/2024\/02\/Folquer_inst_historia-45x45.jpg 45w\" sizes=\"auto, (max-width: 100px) 100vw, 100px\" \/>\t\t\t\t\t\t\t\t\t\t\t\t\t\t\t<\/p>\n<p>Doctora en Historia por la Universidad de Barcelona; Investigadora del Instituto de Investigaciones \u201cProf. Manuel Garc\u00eda Soriano\u201d de la Universidad del Norte Santo Tom\u00e1s de Aquino- UNSTA (Tucum\u00e1n, Argentina) y Directora de la Revista <i>Itinerantes, historia y religi\u00f3n<\/i>. Docente de Historia del Catolicismo en Am\u00e9rica Latina, en el Centro de Estudios Filos\u00f3ficos y Teol\u00f3gicos, CEFyT de C\u00f3rdoba y de Historia Pol\u00edtica Argentina en el Colegio Santa Rosa, Tucum\u00e1n. Sus l\u00edneas de investigaci\u00f3n prioritarias son la historia religiosa y del catolicismo en Argentina; orden dominicana y congregaciones religiosas femeninas. Entre sus publicaciones podemos se\u00f1alar: <i>Las comunidades religiosas. Entre la pol\u00edtica y la sociedad<\/i> (2017) en coautor\u00eda con Luc\u00eda Santos Lepera; <i>Una Universidad \u201ctomista\u201d para el noroeste argentino. Los tiempos fundacionales de la UNSTA. 1948-1970<\/i> (2015) en coautor\u00eda con Esteban Abalo y Sara G. Amenta; <i>Viajeras hacia el fondo del alma. Sociabilidad, pol\u00edtica y religiosidad en las dominicas de Tucum\u00e1n, 1880-1910<\/i> (2012); <i>Sociedad, cristianismo y pol\u00edtica. Tejiendo historias locales siendo co-editora con Sara Amenta<\/i> (2010) y <i>La Orden Dominicana en Argentina. Actores y Pr\u00e1cticas<\/i> (2008). Ha publicado en varias revistas nacionales e internacionales y participa como de diversas publicaciones.<\/p>\n<p>Ha participado y organizado numerosos eventos acad\u00e9micos y es miembro de diversas redes de intercambio en investigaci\u00f3n: Red de historiadores de la iglesia y la religiosidad en el NOA, Red de historiadores de la Orden Dominicana en Argentina; Red de la Orden de Predicadores en las Am\u00e9ricas, Red de historia de la secularizaci\u00f3n y la laicidad y la\u00a0 Red de Estudios de historia del Tucum\u00e1n.<\/p>\n<p>Dirige proyectos de investigaci\u00f3n referidos a historia de la Iglesia y de la Orden Dominicana.<\/p>\n<p>Ha realizado diversas estancias de investigaci\u00f3n en Archivos de Argentina, Francia, Suiza e Italia y realiz\u00f3 una estad\u00eda de intercambio docente y de investigaci\u00f3n en la Universidad de Colonia, en Alemania. Ha dado conferencias\u00a0 y cursos en diversos pa\u00edses de Latinoam\u00e9rica, EEUU, Espa\u00f1a y Francia.<\/p>\n<p>\t\t\t<a href=\"https:\/\/unsta.academia.edu\/CynthiaFolquer\"><br \/>\n\t\t\t\t\t\tProducci\u00f3n acad\u00e9mica<br \/>\n\t\t\t\t\t<\/a><\/p>\n","protected":false},"excerpt":{"rendered":"<p>Cynthia Folquer Doctora en Historia por la Universidad de Barcelona; Investigadora del Instituto de Investigaciones \u201cProf. Manuel Garc\u00eda Soriano\u201d de la Universidad del Norte Santo Tom\u00e1s de Aquino- UNSTA (Tucum\u00e1n, Argentina) y Directora de la Revista Itinerantes, historia y religi\u00f3n. Docente de Historia del Catolicismo en Am\u00e9rica Latina, en el Centro de Estudios Filos\u00f3ficos y [&hellip;]<\/p>\n","protected":false},"author":12,"featured_media":0,"parent":0,"menu_order":0,"comment_status":"closed","ping_status":"closed","template":"","meta":{"_acf_changed":false,"_angie_page":false,"site-sidebar-layout":"no-sidebar","site-content-layout":"page-builder","ast-site-content-layout":"full-width-container","site-content-style":"default","site-sidebar-style":"default","ast-global-header-display":"","ast-banner-title-visibility":"","ast-main-header-display":"","ast-hfb-above-header-display":"","ast-hfb-below-header-display":"","ast-hfb-mobile-header-display":"","site-post-title":"disabled","ast-breadcrumbs-content":"","ast-featured-img":"disabled","footer-sml-layout":"","ast-disable-related-posts":"","theme-transparent-header-meta":"","adv-header-id-meta":"","stick-header-meta":"","header-above-stick-meta":"","header-main-stick-meta":"","header-below-stick-meta":"","astra-migrate-meta-layouts":"set","ast-page-background-enabled":"default","ast-page-background-meta":{"desktop":{"background-color":"var(--ast-global-color-4)","background-image":"","background-repeat":"repeat","background-position":"center center","background-size":"auto","background-attachment":"scroll","background-type":"","background-media":"","overlay-type":"","overlay-color":"","overlay-opacity":"","overlay-gradient":""},"tablet":{"background-color":"","background-image":"","background-repeat":"repeat","background-position":"center center","background-size":"auto","background-attachment":"scroll","background-type":"","background-media":"","overlay-type":"","overlay-color":"","overlay-opacity":"","overlay-gradient":""},"mobile":{"background-color":"","background-image":"","background-repeat":"repeat","background-position":"center center","background-size":"auto","background-attachment":"scroll","background-type":"","background-media":"","overlay-type":"","overlay-color":"","overlay-opacity":"","overlay-gradient":""}},"ast-content-background-meta":{"desktop":{"background-color":"var(--ast-global-color-5)","background-image":"","background-repeat":"repeat","background-position":"center center","background-size":"auto","background-attachment":"scroll","background-type":"","background-media":"","overlay-type":"","overlay-color":"","overlay-opacity":"","overlay-gradient":""},"tablet":{"background-color":"var(--ast-global-color-5)","background-image":"","background-repeat":"repeat","background-position":"center center","background-size":"auto","background-attachment":"scroll","background-type":"","background-media":"","overlay-type":"","overlay-color":"","overlay-opacity":"","overlay-gradient":""},"mobile":{"background-color":"var(--ast-global-color-5)","background-image":"","background-repeat":"repeat","background-position":"center center","background-size":"auto","background-attachment":"scroll","background-type":"","background-media":"","overlay-type":"","overlay-color":"","overlay-opacity":"","overlay-gradient":""}},"footnotes":""},"class_list":["post-732","page","type-page","status-publish","hentry"],"acf":[],"_links":{"self":[{"href":"https:\/\/www.unsta.edu.ar\/panoramaseclesiales\/wp-json\/wp\/v2\/pages\/732","targetHints":{"allow":["GET"]}}],"collection":[{"href":"https:\/\/www.unsta.edu.ar\/panoramaseclesiales\/wp-json\/wp\/v2\/pages"}],"about":[{"href":"https:\/\/www.unsta.edu.ar\/panoramaseclesiales\/wp-json\/wp\/v2\/types\/page"}],"author":[{"embeddable":true,"href":"https:\/\/www.unsta.edu.ar\/panoramaseclesiales\/wp-json\/wp\/v2\/users\/12"}],"replies":[{"embeddable":true,"href":"https:\/\/www.unsta.edu.ar\/panoramaseclesiales\/wp-json\/wp\/v2\/comments?post=732"}],"version-history":[{"count":13,"href":"https:\/\/www.unsta.edu.ar\/panoramaseclesiales\/wp-json\/wp\/v2\/pages\/732\/revisions"}],"predecessor-version":[{"id":760,"href":"https:\/\/www.unsta.edu.ar\/panoramaseclesiales\/wp-json\/wp\/v2\/pages\/732\/revisions\/760"}],"wp:attachment":[{"href":"https:\/\/www.unsta.edu.ar\/panoramaseclesiales\/wp-json\/wp\/v2\/media?parent=732"}],"curies":[{"name":"wp","href":"https:\/\/api.w.org\/{rel}","templated":true}]}}