{"id":186,"date":"2025-06-06T10:32:30","date_gmt":"2025-06-06T13:32:30","guid":{"rendered":"https:\/\/www.unsta.edu.ar\/investigacionydesarrollo\/?page_id=186"},"modified":"2025-06-06T10:41:58","modified_gmt":"2025-06-06T13:41:58","slug":"repositorio","status":"publish","type":"page","link":"https:\/\/www.unsta.edu.ar\/investigacionydesarrollo\/repositorio\/","title":{"rendered":"Repositorio"},"content":{"rendered":"<h2>Publicaciones vinculadas a proyectos de investigaci\u00f3n<\/h2>\n<p>Este espacio est\u00e1 destinado a conformar un Repositorio Institucional de publicaciones que surgieron como resultado de investigaciones desarrolladas en el marco de proyectos de investigaci\u00f3n desarrollados en la UNSTA. Por cuestiones vinculadas a la Protecci\u00f3n y resguardo de derechos de autor, la misma es de acceso restringido.<\/p>\n<h5>Econom\u00eda<\/h5>\n<section id=\"h.2a3c8e44f7e110fe_14\">\n<p dir=\"ltr\">Ar\u00e1oz, M.F., &amp; Nicolini, E. A. (2020). Regional growth and the persistence of regional income inequality in Argentina in the first half of the twentieth century. Journal of Latin American Studies, 52(2). https:\/\/doi.org\/10.1017\/S0022216X19001299<\/p>\n<\/section>\n<section id=\"h.2a3c8e44f7e110fe_21\">\n<p dir=\"ltr\">Ar\u00e1oz, Mar\u00eda Florencia, Nicolini, E. A., &amp; Talassino, M. (2020). Growth and Convergence Among Argentine Provinces Since 1895. In D. A. Tirado-Fabregat, M. Badia-Mir\u00f3, &amp; H. Willebald (Eds.), Time and Space Latin American Regional Development in Historical Perspective (pp. 65\u201395). Palgrave Macmillan.\u00a0<a href=\"https:\/\/doi.org\/10.1007\/978-3-030-47553-6_4\" target=\"_blank\" rel=\"noopener\">https:\/\/doi.org\/10.1007\/978-3-030-47553-6_4<\/a><\/p>\n<\/section>\n<section id=\"h.2a3c8e44f7e110fe_28\">\n<p dir=\"ltr\">Araoz, M. F. (2013). La Calidad Institucional En Argentina En El Largo Plazo. Revista de Historia Econ\u00f3mica \/ Journal of Iberian and Latin American Economic History. https:\/\/doi.org\/10.1017\/S0212610913000037<\/p>\n<\/section>\n<h5>Humanidades<\/h5>\n<section id=\"h.2a3c8e44f7e110fe_14\">\n<section id=\"h.7ecd5d2ac2a8228_4\">\n<p dir=\"ltr\">Rold\u00e1n, Juan. 2019. \u00abTres Momentos, Una Idea. Un Concepto Filos\u00f3fico Acerca Del Desarrollo Del Ser Humano Presente En La Psicolog\u00eda Contempor\u00e1ne\u00bba. Humanidades: Revista De La Universidad De Montevideo, n.\u00ba 5 (junio), 53-79.\u00a0<a href=\"https:\/\/doi.org\/10.25185\/5.3\" target=\"_blank\" rel=\"noopener\">https:\/\/doi.org\/10.25185\/5.3<\/a><\/p>\n<\/section>\n<section id=\"h.7ecd5d2ac2a8228_8\">\n<p dir=\"ltr\">Franck, Juan F. 2019. \u00abThe need for a substantive subject and enactivism\u00bb.\u00a0Forum. Supplement to Acta Philosophica,\u00a0Vol.\u00a05 N\u00ba 1, 131-139.\u00a0DOI:\u00a0<a href=\"https:\/\/doi.org\/10.17421\/2498-9746-05-09\" target=\"_blank\" rel=\"noopener\">https:\/\/doi.org\/10.17421\/2498-9746-05-09<\/a><\/p>\n<\/section>\n<\/section>\n<h5>Ciencias de la Salud<\/h5>\n<section id=\"h.2a3c8e44f7e110fe_14\">\n<section id=\"h.7ecd5d2ac2a8228_4\">\n<p dir=\"ltr\">Fern\u00e1ndez, Noelia Natalia. 2025.\u00a0\u00abCalidad de la dieta, estado nutricional y s\u00edntomas ansiosos y depresivos en estudiantes universitarios del norte argentino durante tiempos de COVID-19\u00bb.\u00a0Revista Argentina De Antropolog\u00eda Biol\u00f3gica, 27(1), 100.\u00a0\u00a0<a href=\"https:\/\/doi.org\/10.24215\/18536387e100\" target=\"_blank\" rel=\"noopener\">https:\/\/doi.org\/10.24215\/18536387e100<\/a>\u00a0<\/p>\n<\/section>\n<section id=\"h.7ecd5d2ac2a8228_8\">\u00a0<\/section>\n<\/section>\n","protected":false},"excerpt":{"rendered":"<p>Publicaciones vinculadas a proyectos de investigaci\u00f3n Este espacio est\u00e1 destinado a conformar un Repositorio Institucional de publicaciones que surgieron como resultado de investigaciones desarrolladas en el marco de proyectos de investigaci\u00f3n desarrollados en la UNSTA. Por cuestiones vinculadas a la Protecci\u00f3n y resguardo de derechos de autor, la misma es de acceso restringido. Econom\u00eda Ar\u00e1oz, [&hellip;]<\/p>\n","protected":false},"author":1,"featured_media":0,"parent":0,"menu_order":0,"comment_status":"closed","ping_status":"closed","template":"","meta":{"_acf_changed":false,"site-sidebar-layout":"no-sidebar","site-content-layout":"","ast-site-content-layout":"full-width-container","site-content-style":"default","site-sidebar-style":"default","ast-global-header-display":"","ast-banner-title-visibility":"","ast-main-header-display":"","ast-hfb-above-header-display":"","ast-hfb-below-header-display":"","ast-hfb-mobile-header-display":"","site-post-title":"disabled","ast-breadcrumbs-content":"","ast-featured-img":"disabled","footer-sml-layout":"","ast-disable-related-posts":"","theme-transparent-header-meta":"","adv-header-id-meta":"","stick-header-meta":"","header-above-stick-meta":"","header-main-stick-meta":"","header-below-stick-meta":"","astra-migrate-meta-layouts":"default","ast-page-background-enabled":"default","ast-page-background-meta":{"desktop":{"background-color":"var(--ast-global-color-4)","background-image":"","background-repeat":"repeat","background-position":"center center","background-size":"auto","background-attachment":"scroll","background-type":"","background-media":"","overlay-type":"","overlay-color":"","overlay-opacity":"","overlay-gradient":""},"tablet":{"background-color":"","background-image":"","background-repeat":"repeat","background-position":"center center","background-size":"auto","background-attachment":"scroll","background-type":"","background-media":"","overlay-type":"","overlay-color":"","overlay-opacity":"","overlay-gradient":""},"mobile":{"background-color":"","background-image":"","background-repeat":"repeat","background-position":"center center","background-size":"auto","background-attachment":"scroll","background-type":"","background-media":"","overlay-type":"","overlay-color":"","overlay-opacity":"","overlay-gradient":""}},"ast-content-background-meta":{"desktop":{"background-color":"var(--ast-global-color-5)","background-image":"","background-repeat":"repeat","background-position":"center center","background-size":"auto","background-attachment":"scroll","background-type":"","background-media":"","overlay-type":"","overlay-color":"","overlay-opacity":"","overlay-gradient":""},"tablet":{"background-color":"var(--ast-global-color-5)","background-image":"","background-repeat":"repeat","background-position":"center center","background-size":"auto","background-attachment":"scroll","background-type":"","background-media":"","overlay-type":"","overlay-color":"","overlay-opacity":"","overlay-gradient":""},"mobile":{"background-color":"var(--ast-global-color-5)","background-image":"","background-repeat":"repeat","background-position":"center center","background-size":"auto","background-attachment":"scroll","background-type":"","background-media":"","overlay-type":"","overlay-color":"","overlay-opacity":"","overlay-gradient":""}},"footnotes":""},"class_list":["post-186","page","type-page","status-publish","hentry"],"acf":[],"_links":{"self":[{"href":"https:\/\/www.unsta.edu.ar\/investigacionydesarrollo\/wp-json\/wp\/v2\/pages\/186","targetHints":{"allow":["GET"]}}],"collection":[{"href":"https:\/\/www.unsta.edu.ar\/investigacionydesarrollo\/wp-json\/wp\/v2\/pages"}],"about":[{"href":"https:\/\/www.unsta.edu.ar\/investigacionydesarrollo\/wp-json\/wp\/v2\/types\/page"}],"author":[{"embeddable":true,"href":"https:\/\/www.unsta.edu.ar\/investigacionydesarrollo\/wp-json\/wp\/v2\/users\/1"}],"replies":[{"embeddable":true,"href":"https:\/\/www.unsta.edu.ar\/investigacionydesarrollo\/wp-json\/wp\/v2\/comments?post=186"}],"version-history":[{"count":4,"href":"https:\/\/www.unsta.edu.ar\/investigacionydesarrollo\/wp-json\/wp\/v2\/pages\/186\/revisions"}],"predecessor-version":[{"id":190,"href":"https:\/\/www.unsta.edu.ar\/investigacionydesarrollo\/wp-json\/wp\/v2\/pages\/186\/revisions\/190"}],"wp:attachment":[{"href":"https:\/\/www.unsta.edu.ar\/investigacionydesarrollo\/wp-json\/wp\/v2\/media?parent=186"}],"curies":[{"name":"wp","href":"https:\/\/api.w.org\/{rel}","templated":true}]}}