{"id":154,"date":"2025-06-06T09:26:47","date_gmt":"2025-06-06T12:26:47","guid":{"rendered":"https:\/\/www.unsta.edu.ar\/investigacionydesarrollo\/?page_id=154"},"modified":"2025-06-06T13:39:17","modified_gmt":"2025-06-06T16:39:17","slug":"cursos-y-talleres-para-investigadores","status":"publish","type":"page","link":"https:\/\/www.unsta.edu.ar\/investigacionydesarrollo\/cursos-y-talleres-para-investigadores\/","title":{"rendered":"Cursos y talleres para investigadores"},"content":{"rendered":"<p><img loading=\"lazy\" decoding=\"async\" width=\"1024\" height=\"1024\" src=\"http:\/\/www.unsta.edu.ar\/investigacionydesarrollo\/wp-content\/uploads\/sites\/42\/2025\/06\/Editable-Pedido-934-Curso-Taller-Pautas-para-la-formulacion-de-Proyectos-de-Investigacion_Pedido-934-02-1024x1024.png\" alt=\"\" srcset=\"https:\/\/www.unsta.edu.ar\/investigacionydesarrollo\/wp-content\/uploads\/sites\/42\/2025\/06\/Editable-Pedido-934-Curso-Taller-Pautas-para-la-formulacion-de-Proyectos-de-Investigacion_Pedido-934-02-1024x1024.png 1024w, https:\/\/www.unsta.edu.ar\/investigacionydesarrollo\/wp-content\/uploads\/sites\/42\/2025\/06\/Editable-Pedido-934-Curso-Taller-Pautas-para-la-formulacion-de-Proyectos-de-Investigacion_Pedido-934-02-300x300.png 300w, https:\/\/www.unsta.edu.ar\/investigacionydesarrollo\/wp-content\/uploads\/sites\/42\/2025\/06\/Editable-Pedido-934-Curso-Taller-Pautas-para-la-formulacion-de-Proyectos-de-Investigacion_Pedido-934-02-150x150.png 150w, https:\/\/www.unsta.edu.ar\/investigacionydesarrollo\/wp-content\/uploads\/sites\/42\/2025\/06\/Editable-Pedido-934-Curso-Taller-Pautas-para-la-formulacion-de-Proyectos-de-Investigacion_Pedido-934-02-768x768.png 768w, https:\/\/www.unsta.edu.ar\/investigacionydesarrollo\/wp-content\/uploads\/sites\/42\/2025\/06\/Editable-Pedido-934-Curso-Taller-Pautas-para-la-formulacion-de-Proyectos-de-Investigacion_Pedido-934-02-1536x1536.png 1536w, https:\/\/www.unsta.edu.ar\/investigacionydesarrollo\/wp-content\/uploads\/sites\/42\/2025\/06\/Editable-Pedido-934-Curso-Taller-Pautas-para-la-formulacion-de-Proyectos-de-Investigacion_Pedido-934-02-scaled.png 2048w, https:\/\/www.unsta.edu.ar\/investigacionydesarrollo\/wp-content\/uploads\/sites\/42\/2025\/06\/Editable-Pedido-934-Curso-Taller-Pautas-para-la-formulacion-de-Proyectos-de-Investigacion_Pedido-934-02-45x45.png 45w, https:\/\/www.unsta.edu.ar\/investigacionydesarrollo\/wp-content\/uploads\/sites\/42\/2025\/06\/Editable-Pedido-934-Curso-Taller-Pautas-para-la-formulacion-de-Proyectos-de-Investigacion_Pedido-934-02-600x600.png 600w, https:\/\/www.unsta.edu.ar\/investigacionydesarrollo\/wp-content\/uploads\/sites\/42\/2025\/06\/Editable-Pedido-934-Curso-Taller-Pautas-para-la-formulacion-de-Proyectos-de-Investigacion_Pedido-934-02-100x100.png 100w\" sizes=\"auto, (max-width: 1024px) 100vw, 1024px\" \/>\t\t\t\t\t\t\t\t\t\t\t\t\t\t\t<\/p>\n<h6>Curso -Taller<br \/> Pautas para la formulaci\u00f3n de PROYECTOS DE INVESTIGACI\u00d3N<\/h6>\n<p dir=\"ltr\"><strong>13 de octubre 2022<\/strong><\/p>\n<p dir=\"ltr\"><a href=\"https:\/\/drive.google.com\/file\/d\/1H2niOD6KnlsqX30CPA6N_VCRtEzOHdff\/view?usp=sharing\" target=\"_blank\" rel=\"noopener\">Acceder al material de clases<\/a><br \/><a href=\"https:\/\/drive.google.com\/file\/d\/1GUkxCIjdUuMoAAT-Z-n8ICgVqUTid-s6\/view?usp=sharing\" target=\"_blank\" rel=\"noopener\">Acceder a la grabaci\u00f3n del Taller<\/a><\/p>\n<p>\t\t\t\t\t\t\t\t\t\t\t\t\t\t\t<img loading=\"lazy\" decoding=\"async\" width=\"1024\" height=\"1024\" src=\"http:\/\/www.unsta.edu.ar\/investigacionydesarrollo\/wp-content\/uploads\/sites\/42\/2025\/06\/Editable-Pedido-936-Taller-para-usuarios-de-SIGEVA-UNSTA_Pedido-936-02-1024x1024.png\" alt=\"\" srcset=\"https:\/\/www.unsta.edu.ar\/investigacionydesarrollo\/wp-content\/uploads\/sites\/42\/2025\/06\/Editable-Pedido-936-Taller-para-usuarios-de-SIGEVA-UNSTA_Pedido-936-02-1024x1024.png 1024w, https:\/\/www.unsta.edu.ar\/investigacionydesarrollo\/wp-content\/uploads\/sites\/42\/2025\/06\/Editable-Pedido-936-Taller-para-usuarios-de-SIGEVA-UNSTA_Pedido-936-02-300x300.png 300w, https:\/\/www.unsta.edu.ar\/investigacionydesarrollo\/wp-content\/uploads\/sites\/42\/2025\/06\/Editable-Pedido-936-Taller-para-usuarios-de-SIGEVA-UNSTA_Pedido-936-02-150x150.png 150w, https:\/\/www.unsta.edu.ar\/investigacionydesarrollo\/wp-content\/uploads\/sites\/42\/2025\/06\/Editable-Pedido-936-Taller-para-usuarios-de-SIGEVA-UNSTA_Pedido-936-02-768x768.png 768w, https:\/\/www.unsta.edu.ar\/investigacionydesarrollo\/wp-content\/uploads\/sites\/42\/2025\/06\/Editable-Pedido-936-Taller-para-usuarios-de-SIGEVA-UNSTA_Pedido-936-02-1536x1536.png 1536w, https:\/\/www.unsta.edu.ar\/investigacionydesarrollo\/wp-content\/uploads\/sites\/42\/2025\/06\/Editable-Pedido-936-Taller-para-usuarios-de-SIGEVA-UNSTA_Pedido-936-02-scaled.png 2048w, https:\/\/www.unsta.edu.ar\/investigacionydesarrollo\/wp-content\/uploads\/sites\/42\/2025\/06\/Editable-Pedido-936-Taller-para-usuarios-de-SIGEVA-UNSTA_Pedido-936-02-45x45.png 45w, https:\/\/www.unsta.edu.ar\/investigacionydesarrollo\/wp-content\/uploads\/sites\/42\/2025\/06\/Editable-Pedido-936-Taller-para-usuarios-de-SIGEVA-UNSTA_Pedido-936-02-600x600.png 600w, https:\/\/www.unsta.edu.ar\/investigacionydesarrollo\/wp-content\/uploads\/sites\/42\/2025\/06\/Editable-Pedido-936-Taller-para-usuarios-de-SIGEVA-UNSTA_Pedido-936-02-100x100.png 100w\" sizes=\"auto, (max-width: 1024px) 100vw, 1024px\" \/>\t\t\t\t\t\t\t\t\t\t\t\t\t\t\t<\/p>\n<h6>Taller para usuarios<BR> SIGEVA UNSTA<\/h6>\n<p dir=\"ltr\"><strong>20 de\u00a0octubre 2022<\/strong><\/p>\n<p dir=\"ltr\"><a href=\"https:\/\/drive.google.com\/file\/d\/1GkNtOCzEl5illfT2QemYvAHX_tgSCr0P\/view?usp=sharing\" target=\"_blank\" rel=\"noopener\">Acceder a la grabaci\u00f3n del Taller\u00a0<\/a><\/p>\n","protected":false},"excerpt":{"rendered":"<p>Curso -Taller Pautas para la formulaci\u00f3n de PROYECTOS DE INVESTIGACI\u00d3N 13 de octubre 2022 Acceder al material de clasesAcceder a la grabaci\u00f3n del Taller Taller para usuarios SIGEVA UNSTA 20 de\u00a0octubre 2022 Acceder a la grabaci\u00f3n del Taller\u00a0<\/p>\n","protected":false},"author":1,"featured_media":0,"parent":0,"menu_order":0,"comment_status":"closed","ping_status":"closed","template":"","meta":{"_acf_changed":false,"site-sidebar-layout":"no-sidebar","site-content-layout":"","ast-site-content-layout":"full-width-container","site-content-style":"default","site-sidebar-style":"default","ast-global-header-display":"","ast-banner-title-visibility":"","ast-main-header-display":"","ast-hfb-above-header-display":"","ast-hfb-below-header-display":"","ast-hfb-mobile-header-display":"","site-post-title":"disabled","ast-breadcrumbs-content":"","ast-featured-img":"disabled","footer-sml-layout":"","ast-disable-related-posts":"","theme-transparent-header-meta":"","adv-header-id-meta":"","stick-header-meta":"","header-above-stick-meta":"","header-main-stick-meta":"","header-below-stick-meta":"","astra-migrate-meta-layouts":"default","ast-page-background-enabled":"default","ast-page-background-meta":{"desktop":{"background-color":"var(--ast-global-color-4)","background-image":"","background-repeat":"repeat","background-position":"center center","background-size":"auto","background-attachment":"scroll","background-type":"","background-media":"","overlay-type":"","overlay-color":"","overlay-opacity":"","overlay-gradient":""},"tablet":{"background-color":"","background-image":"","background-repeat":"repeat","background-position":"center center","background-size":"auto","background-attachment":"scroll","background-type":"","background-media":"","overlay-type":"","overlay-color":"","overlay-opacity":"","overlay-gradient":""},"mobile":{"background-color":"","background-image":"","background-repeat":"repeat","background-position":"center center","background-size":"auto","background-attachment":"scroll","background-type":"","background-media":"","overlay-type":"","overlay-color":"","overlay-opacity":"","overlay-gradient":""}},"ast-content-background-meta":{"desktop":{"background-color":"var(--ast-global-color-5)","background-image":"","background-repeat":"repeat","background-position":"center center","background-size":"auto","background-attachment":"scroll","background-type":"","background-media":"","overlay-type":"","overlay-color":"","overlay-opacity":"","overlay-gradient":""},"tablet":{"background-color":"var(--ast-global-color-5)","background-image":"","background-repeat":"repeat","background-position":"center center","background-size":"auto","background-attachment":"scroll","background-type":"","background-media":"","overlay-type":"","overlay-color":"","overlay-opacity":"","overlay-gradient":""},"mobile":{"background-color":"var(--ast-global-color-5)","background-image":"","background-repeat":"repeat","background-position":"center center","background-size":"auto","background-attachment":"scroll","background-type":"","background-media":"","overlay-type":"","overlay-color":"","overlay-opacity":"","overlay-gradient":""}},"footnotes":""},"class_list":["post-154","page","type-page","status-publish","hentry"],"acf":[],"_links":{"self":[{"href":"https:\/\/www.unsta.edu.ar\/investigacionydesarrollo\/wp-json\/wp\/v2\/pages\/154","targetHints":{"allow":["GET"]}}],"collection":[{"href":"https:\/\/www.unsta.edu.ar\/investigacionydesarrollo\/wp-json\/wp\/v2\/pages"}],"about":[{"href":"https:\/\/www.unsta.edu.ar\/investigacionydesarrollo\/wp-json\/wp\/v2\/types\/page"}],"author":[{"embeddable":true,"href":"https:\/\/www.unsta.edu.ar\/investigacionydesarrollo\/wp-json\/wp\/v2\/users\/1"}],"replies":[{"embeddable":true,"href":"https:\/\/www.unsta.edu.ar\/investigacionydesarrollo\/wp-json\/wp\/v2\/comments?post=154"}],"version-history":[{"count":10,"href":"https:\/\/www.unsta.edu.ar\/investigacionydesarrollo\/wp-json\/wp\/v2\/pages\/154\/revisions"}],"predecessor-version":[{"id":255,"href":"https:\/\/www.unsta.edu.ar\/investigacionydesarrollo\/wp-json\/wp\/v2\/pages\/154\/revisions\/255"}],"wp:attachment":[{"href":"https:\/\/www.unsta.edu.ar\/investigacionydesarrollo\/wp-json\/wp\/v2\/media?parent=154"}],"curies":[{"name":"wp","href":"https:\/\/api.w.org\/{rel}","templated":true}]}}