{"id":7942,"date":"2024-07-02T12:31:34","date_gmt":"2024-07-02T15:31:34","guid":{"rendered":"https:\/\/www.unsta.edu.ar\/humanidades\/?page_id=7942"},"modified":"2024-07-05T11:54:19","modified_gmt":"2024-07-05T14:54:19","slug":"consejo-academico","status":"publish","type":"page","link":"https:\/\/www.unsta.edu.ar\/humanidades\/consejo-academico\/","title":{"rendered":"Consejo Acad\u00e9mico"},"content":{"rendered":"\t\t<div data-elementor-type=\"wp-page\" data-elementor-id=\"7942\" class=\"elementor elementor-7942\" data-elementor-post-type=\"page\">\n\t\t\t\t<div class=\"elementor-element elementor-element-3ba45ce e-flex e-con-boxed e-con e-parent\" data-id=\"3ba45ce\" data-element_type=\"container\" data-e-type=\"container\">\n\t\t\t\t\t<div class=\"e-con-inner\">\n\t\t\t\t<div class=\"elementor-element elementor-element-9910a87 elementor-widget elementor-widget-spacer\" data-id=\"9910a87\" data-element_type=\"widget\" data-e-type=\"widget\" data-widget_type=\"spacer.default\">\n\t\t\t\t\t\t\t<div class=\"elementor-spacer\">\n\t\t\t<div class=\"elementor-spacer-inner\"><\/div>\n\t\t<\/div>\n\t\t\t\t\t\t<\/div>\n\t\t\t\t\t<\/div>\n\t\t\t\t<\/div>\n\t\t<div class=\"elementor-element elementor-element-aae9b93 e-flex e-con-boxed e-con e-parent\" data-id=\"aae9b93\" data-element_type=\"container\" data-e-type=\"container\">\n\t\t\t\t\t<div class=\"e-con-inner\">\n\t\t\t\t<div class=\"elementor-element elementor-element-aa1ea75 elementor-widget elementor-widget-heading\" data-id=\"aa1ea75\" data-element_type=\"widget\" data-e-type=\"widget\" data-widget_type=\"heading.default\">\n\t\t\t\t\t<h2 class=\"elementor-heading-title elementor-size-default\">Consejo Acad\u00e9mico<\/h2>\t\t\t\t<\/div>\n\t\t\t\t\t<\/div>\n\t\t\t\t<\/div>\n\t\t<div class=\"elementor-element elementor-element-f17c5a7 e-flex e-con-boxed e-con e-parent\" data-id=\"f17c5a7\" data-element_type=\"container\" data-e-type=\"container\">\n\t\t\t\t\t<div class=\"e-con-inner\">\n\t\t\t\t<div class=\"elementor-element elementor-element-241ee59 elementor-widget-divider--view-line elementor-widget elementor-widget-divider\" data-id=\"241ee59\" data-element_type=\"widget\" data-e-type=\"widget\" data-widget_type=\"divider.default\">\n\t\t\t\t\t\t\t<div class=\"elementor-divider\">\n\t\t\t<span class=\"elementor-divider-separator\">\n\t\t\t\t\t\t<\/span>\n\t\t<\/div>\n\t\t\t\t\t\t<\/div>\n\t\t\t\t\t<\/div>\n\t\t\t\t<\/div>\n\t\t<div class=\"elementor-element elementor-element-f32da3d e-flex e-con-boxed e-con e-parent\" data-id=\"f32da3d\" data-element_type=\"container\" data-e-type=\"container\">\n\t\t\t\t\t<div class=\"e-con-inner\">\n\t\t\t\t<div class=\"elementor-element elementor-element-124f210 elementor-widget elementor-widget-text-editor\" data-id=\"124f210\" data-element_type=\"widget\" data-e-type=\"widget\" data-widget_type=\"text-editor.default\">\n\t\t\t\t\t\t\t\t\t<p>El Consejo Acad\u00e9mico Conforme al Art. 26 del Reglamento de la Facultad de Humanidades, el Consejo acad\u00e9mico de la FH es un \u00f3rgano integrado por el Decano, el Secretario Acad\u00e9mico y miembros de la planta docente elegidos entre los profesores de la Facultad. Se re\u00fane peri\u00f3dicamente y es presidido por el Decano. Actualmente sus integrantes son los siguientes:<br \/>Dr. Luigi Pisoni <br \/>Lic. Soledad Mar\u00eda Paz <br \/>Mg. Ignacio Noble <br \/>Dra Sara Amenta <br \/>Lic. Mariana Saade <br \/>Mg. Lorena Sarverry <br \/>Lic. Pablo Furlotti<\/p>\t\t\t\t\t\t\t\t<\/div>\n\t\t\t\t<div class=\"elementor-element elementor-element-3aade0c elementor-widget elementor-widget-heading\" data-id=\"3aade0c\" data-element_type=\"widget\" data-e-type=\"widget\" data-widget_type=\"heading.default\">\n\t\t\t\t\t<h2 class=\"elementor-heading-title elementor-size-default\">Funciones del Consejo Acad\u00e9mico<\/h2>\t\t\t\t<\/div>\n\t\t\t\t\t<\/div>\n\t\t\t\t<\/div>\n\t\t<div class=\"elementor-element elementor-element-0d3996e e-flex e-con-boxed e-con e-parent\" data-id=\"0d3996e\" data-element_type=\"container\" data-e-type=\"container\">\n\t\t\t\t\t<div class=\"e-con-inner\">\n\t\t\t\t<div class=\"elementor-element elementor-element-a59f0fe elementor-widget elementor-widget-text-editor\" data-id=\"a59f0fe\" data-element_type=\"widget\" data-e-type=\"widget\" data-widget_type=\"text-editor.default\">\n\t\t\t\t\t\t\t\t\t<p>Sus funciones son las siguientes: <br \/><br \/>\u2022 Asesorar a las autoridades de la Facultad en lo que se refiere a la gesti\u00f3n acad\u00e9mica, administrativa y disciplinaria de la unidad acad\u00e9mica.<br \/>\u2022 Redactar el reglamento de la Facultad y sus modificaciones, elev\u00e1ndolo para su aprobaci\u00f3n.<br \/>\u2022 Proponer proyectos de creaci\u00f3n o cierre de carreras.<br \/>\u2022 Analizar el presupuesto anual de la Facultad<br \/>\u2022 Considerar los proyectos de extensi\u00f3n, investigaci\u00f3n y difusi\u00f3n cultural de la Facultad.<br \/>\u2022 Propiciar la formaci\u00f3n y capacitaci\u00f3n docente y actividades interdisciplinarias para la integraci\u00f3n del saber<br \/>\u2022 Dictar su propio reglamento interno.\u00a0<\/p>\t\t\t\t\t\t\t\t<\/div>\n\t\t\t\t<div class=\"elementor-element elementor-element-834d3a0 elementor-widget elementor-widget-heading\" data-id=\"834d3a0\" data-element_type=\"widget\" data-e-type=\"widget\" data-widget_type=\"heading.default\">\n\t\t\t\t\t<h2 class=\"elementor-heading-title elementor-size-default\">Plan de Gesti\u00f3n 2023-2025 de la Facultad de Humanidades (RD N\u00b0153\/23; RR 1564-23)<\/h2>\t\t\t\t<\/div>\n\t\t\t\t\t<\/div>\n\t\t\t\t<\/div>\n\t\t<div class=\"elementor-element elementor-element-cc06db9 e-flex e-con-boxed e-con e-parent\" data-id=\"cc06db9\" data-element_type=\"container\" data-e-type=\"container\">\n\t\t\t\t\t<div class=\"e-con-inner\">\n\t\t\t\t<div class=\"elementor-element elementor-element-1d43ca6 elementor-widget elementor-widget-text-editor\" data-id=\"1d43ca6\" data-element_type=\"widget\" data-e-type=\"widget\" data-widget_type=\"text-editor.default\">\n\t\t\t\t\t\t\t\t\t<p>El 25 de octubre 2023 la Facultad de Humanidades, previo an\u00e1lisis por parte del Consejo Acad\u00e9mico, aprob\u00f3 el Plan de Gesti\u00f3n 2023-2025, actualmente vigente.\u00a0<\/p><p>El Plan de Gesti\u00f3n provee herramientas de implementaci\u00f3n del Plan Estrat\u00e9gico Institucional 2023-2027 de la UNSTA y se inspira directamente en la Misi\u00f3n general de nuestra casa de estudios: \u201cLa UNSTA es una comunidad universitaria cat\u00f3lica dominicana que tiene como misi\u00f3n la generaci\u00f3n, el desarrollo y la difusi\u00f3n de conocimientos, en el contexto del encuentro entre la fe y la raz\u00f3n en las ciencias, las artes y las t\u00e9cnicas.\u00a0<\/p><p>Asume el compromiso de actuar en un ambiente de libertad y respeto en la ense\u00f1anza, la investigaci\u00f3n y el permanente servicio a la comunidad, favoreciendo la formaci\u00f3n profesional y human\u00edstica integral de ciudadanos responsables y comprometidos con la sociedad y con la protecci\u00f3n del medio ambiente\u201d (PEI 2023-2027).\u00a0<\/p><p>El plan se basa en los siguientes principios y criterios: <br \/>\u2022 Respeto y centralidad de la Persona Humana <br \/>\u2022 Calidad Acad\u00e9mica <br \/>\u2022 Sustentabilidad con crecimiento <br \/>\u2022 Integraci\u00f3n del Saber <br \/>\u2022 Desarrollo disciplinar por la investigaci\u00f3n <br \/>\u2022 Servicio a la Comunidad por medio de las actividades de Extensi\u00f3n y Vinculaci\u00f3n con el medio<\/p>\t\t\t\t\t\t\t\t<\/div>\n\t\t\t\t<div class=\"elementor-element elementor-element-f285712 elementor-widget elementor-widget-heading\" data-id=\"f285712\" data-element_type=\"widget\" data-e-type=\"widget\" data-widget_type=\"heading.default\">\n\t\t\t\t\t<h2 class=\"elementor-heading-title elementor-size-default\">Resoluciones<\/h2>\t\t\t\t<\/div>\n\t\t\t\t\t<\/div>\n\t\t\t\t<\/div>\n\t\t<div class=\"elementor-element elementor-element-9b4fdee e-flex e-con-boxed e-con e-parent\" data-id=\"9b4fdee\" data-element_type=\"container\" data-e-type=\"container\">\n\t\t\t\t\t<div class=\"e-con-inner\">\n\t\t\t\t<div class=\"elementor-element elementor-element-51e3129 elementor-widget elementor-widget-text-editor\" data-id=\"51e3129\" data-element_type=\"widget\" data-e-type=\"widget\" data-widget_type=\"text-editor.default\">\n\t\t\t\t\t\t\t\t\t<p><strong><a href=\"https:\/\/www.unsta.edu.ar\/humanidades\/wp-content\/uploads\/sites\/9\/2024\/07\/RR-1556-23-Reglamento-de-Humanidades_compressed-1.pdf\" target=\"_blank\" rel=\"noopener\">Resoluci\u00f3n de Rectorado N\u00b0 1556-2023<\/a> <\/strong><\/p>\t\t\t\t\t\t\t\t<\/div>\n\t\t\t\t<div class=\"elementor-element elementor-element-f3fa440 elementor-widget elementor-widget-text-editor\" data-id=\"f3fa440\" data-element_type=\"widget\" data-e-type=\"widget\" data-widget_type=\"text-editor.default\">\n\t\t\t\t\t\t\t\t\t<p><strong><a href=\"https:\/\/www.unsta.edu.ar\/humanidades\/wp-content\/uploads\/sites\/9\/2024\/07\/RR-1558-23-REGLAMENTO-DEL-CONSEJO-ACADEMICO-DE-FAC.-HOMOLOGACION-1.pdf\" target=\"_blank\" rel=\"noopener\">Resoluci\u00f3n de Rectorado N\u00b0 1558-2023<\/a> <\/strong><\/p>\t\t\t\t\t\t\t\t<\/div>\n\t\t\t\t<div class=\"elementor-element elementor-element-d36e21f elementor-widget elementor-widget-text-editor\" data-id=\"d36e21f\" data-element_type=\"widget\" data-e-type=\"widget\" data-widget_type=\"text-editor.default\">\n\t\t\t\t\t\t\t\t\t<p><strong><a href=\"https:\/\/www.unsta.edu.ar\/humanidades\/wp-content\/uploads\/sites\/9\/2024\/07\/RR-1564-23-PLAN-DE-GESTION-FACULTAD-DE-HUMANIDADES.pdf\" target=\"_blank\" rel=\"noopener\">Resoluci\u00f3n de Rectorado N\u00b0 1564-2023<\/a> <\/strong><\/p>\t\t\t\t\t\t\t\t<\/div>\n\t\t\t\t\t<\/div>\n\t\t\t\t<\/div>\n\t\t\t\t<\/div>\n\t\t","protected":false},"excerpt":{"rendered":"<p>Consejo Acad\u00e9mico El Consejo Acad\u00e9mico Conforme al Art. 26 del Reglamento de la Facultad de Humanidades, el Consejo acad\u00e9mico de la FH es un \u00f3rgano integrado por el Decano, el Secretario Acad\u00e9mico y miembros de la planta docente elegidos entre los profesores de la Facultad. Se re\u00fane peri\u00f3dicamente y es presidido por el Decano. Actualmente &hellip; <\/p>\n<p class=\"link-more\"><a href=\"https:\/\/www.unsta.edu.ar\/humanidades\/consejo-academico\/\" class=\"more-link\">Segu\u00ed leyendo<span class=\"screen-reader-text\"> &#8220;Consejo Acad\u00e9mico&#8221;<\/span><\/a><\/p>\n","protected":false},"author":1,"featured_media":0,"parent":0,"menu_order":0,"comment_status":"closed","ping_status":"closed","template":"elementor_header_footer","meta":{"_acf_changed":false,"_angie_page":false,"footnotes":""},"class_list":["post-7942","page","type-page","status-publish","hentry"],"acf":[],"_links":{"self":[{"href":"https:\/\/www.unsta.edu.ar\/humanidades\/wp-json\/wp\/v2\/pages\/7942","targetHints":{"allow":["GET"]}}],"collection":[{"href":"https:\/\/www.unsta.edu.ar\/humanidades\/wp-json\/wp\/v2\/pages"}],"about":[{"href":"https:\/\/www.unsta.edu.ar\/humanidades\/wp-json\/wp\/v2\/types\/page"}],"author":[{"embeddable":true,"href":"https:\/\/www.unsta.edu.ar\/humanidades\/wp-json\/wp\/v2\/users\/1"}],"replies":[{"embeddable":true,"href":"https:\/\/www.unsta.edu.ar\/humanidades\/wp-json\/wp\/v2\/comments?post=7942"}],"version-history":[{"count":31,"href":"https:\/\/www.unsta.edu.ar\/humanidades\/wp-json\/wp\/v2\/pages\/7942\/revisions"}],"predecessor-version":[{"id":8067,"href":"https:\/\/www.unsta.edu.ar\/humanidades\/wp-json\/wp\/v2\/pages\/7942\/revisions\/8067"}],"wp:attachment":[{"href":"https:\/\/www.unsta.edu.ar\/humanidades\/wp-json\/wp\/v2\/media?parent=7942"}],"curies":[{"name":"wp","href":"https:\/\/api.w.org\/{rel}","templated":true}]}}

Consejo Académico

<div data-elementor-type="wp-page" data-elementor-id="7942" class="elementor elementor-7942" data-elementor-post-type="page">
				<div class="elementor-element elementor-element-3ba45ce e-flex e-con-boxed e-con e-parent" data-id="3ba45ce" data-element_type="container" data-e-type="container">
					<div class="e-con-inner">
				<div class="elementor-element elementor-element-9910a87 elementor-widget elementor-widget-spacer" data-id="9910a87" data-element_type="widget" data-e-type="widget" data-widget_type="spacer.default">
							<div class="elementor-spacer">
			<div class="elementor-spacer-inner"></div>
		</div>
						</div>
					</div>
				</div>
		<div class="elementor-element elementor-element-aae9b93 e-flex e-con-boxed e-con e-parent" data-id="aae9b93" data-element_type="container" data-e-type="container">
					<div class="e-con-inner">
				<div class="elementor-element elementor-element-aa1ea75 elementor-widget elementor-widget-heading" data-id="aa1ea75" data-element_type="widget" data-e-type="widget" data-widget_type="heading.default">
					<h2 class="elementor-heading-title elementor-size-default">Consejo Académico</h2>				</div>
					</div>
				</div>
		<div class="elementor-element elementor-element-f17c5a7 e-flex e-con-boxed e-con e-parent" data-id="f17c5a7" data-element_type="container" data-e-type="container">
					<div class="e-con-inner">
				<div class="elementor-element elementor-element-241ee59 elementor-widget-divider--view-line elementor-widget elementor-widget-divider" data-id="241ee59" data-element_type="widget" data-e-type="widget" data-widget_type="divider.default">
							<div class="elementor-divider">
			<span class="elementor-divider-separator">
						</span>
		</div>
						</div>
					</div>
				</div>
		<div class="elementor-element elementor-element-f32da3d e-flex e-con-boxed e-con e-parent" data-id="f32da3d" data-element_type="container" data-e-type="container">
					<div class="e-con-inner">
				<div class="elementor-element elementor-element-124f210 elementor-widget elementor-widget-text-editor" data-id="124f210" data-element_type="widget" data-e-type="widget" data-widget_type="text-editor.default">
									<p>El Consejo Académico Conforme al Art. 26 del Reglamento de la Facultad de Humanidades, el Consejo académico de la FH es un órgano integrado por el Decano, el Secretario Académico y miembros de la planta docente elegidos entre los profesores de la Facultad. Se reúne periódicamente y es presidido por el Decano. Actualmente sus integrantes son los siguientes:<br />Dr. Luigi Pisoni <br />Lic. Soledad María Paz <br />Mg. Ignacio Noble <br />Dra Sara Amenta <br />Lic. Mariana Saade <br />Mg. Lorena Sarverry <br />Lic. Pablo Furlotti</p>								</div>
				<div class="elementor-element elementor-element-3aade0c elementor-widget elementor-widget-heading" data-id="3aade0c" data-element_type="widget" data-e-type="widget" data-widget_type="heading.default">
					<h2 class="elementor-heading-title elementor-size-default">Funciones del Consejo Académico</h2>				</div>
					</div>
				</div>
		<div class="elementor-element elementor-element-0d3996e e-flex e-con-boxed e-con e-parent" data-id="0d3996e" data-element_type="container" data-e-type="container">
					<div class="e-con-inner">
				<div class="elementor-element elementor-element-a59f0fe elementor-widget elementor-widget-text-editor" data-id="a59f0fe" data-element_type="widget" data-e-type="widget" data-widget_type="text-editor.default">
									<p>Sus funciones son las siguientes: <br /><br />• Asesorar a las autoridades de la Facultad en lo que se refiere a la gestión académica, administrativa y disciplinaria de la unidad académica.<br />• Redactar el reglamento de la Facultad y sus modificaciones, elevándolo para su aprobación.<br />• Proponer proyectos de creación o cierre de carreras.<br />• Analizar el presupuesto anual de la Facultad<br />• Considerar los proyectos de extensión, investigación y difusión cultural de la Facultad.<br />• Propiciar la formación y capacitación docente y actividades interdisciplinarias para la integración del saber<br />• Dictar su propio reglamento interno. </p>								</div>
				<div class="elementor-element elementor-element-834d3a0 elementor-widget elementor-widget-heading" data-id="834d3a0" data-element_type="widget" data-e-type="widget" data-widget_type="heading.default">
					<h2 class="elementor-heading-title elementor-size-default">Plan de Gestión 2023-2025 de la Facultad de Humanidades (RD N°153/23; RR 1564-23)</h2>				</div>
					</div>
				</div>
		<div class="elementor-element elementor-element-cc06db9 e-flex e-con-boxed e-con e-parent" data-id="cc06db9" data-element_type="container" data-e-type="container">
					<div class="e-con-inner">
				<div class="elementor-element elementor-element-1d43ca6 elementor-widget elementor-widget-text-editor" data-id="1d43ca6" data-element_type="widget" data-e-type="widget" data-widget_type="text-editor.default">
									<p>El 25 de octubre 2023 la Facultad de Humanidades, previo análisis por parte del Consejo Académico, aprobó el Plan de Gestión 2023-2025, actualmente vigente. </p><p>El Plan de Gestión provee herramientas de implementación del Plan Estratégico Institucional 2023-2027 de la UNSTA y se inspira directamente en la Misión general de nuestra casa de estudios: “La UNSTA es una comunidad universitaria católica dominicana que tiene como misión la generación, el desarrollo y la difusión de conocimientos, en el contexto del encuentro entre la fe y la razón en las ciencias, las artes y las técnicas. </p><p>Asume el compromiso de actuar en un ambiente de libertad y respeto en la enseñanza, la investigación y el permanente servicio a la comunidad, favoreciendo la formación profesional y humanística integral de ciudadanos responsables y comprometidos con la sociedad y con la protección del medio ambiente” (PEI 2023-2027). </p><p>El plan se basa en los siguientes principios y criterios: <br />• Respeto y centralidad de la Persona Humana <br />• Calidad Académica <br />• Sustentabilidad con crecimiento <br />• Integración del Saber <br />• Desarrollo disciplinar por la investigación <br />• Servicio a la Comunidad por medio de las actividades de Extensión y Vinculación con el medio</p>								</div>
				<div class="elementor-element elementor-element-f285712 elementor-widget elementor-widget-heading" data-id="f285712" data-element_type="widget" data-e-type="widget" data-widget_type="heading.default">
					<h2 class="elementor-heading-title elementor-size-default">Resoluciones</h2>				</div>
					</div>
				</div>
		<div class="elementor-element elementor-element-9b4fdee e-flex e-con-boxed e-con e-parent" data-id="9b4fdee" data-element_type="container" data-e-type="container">
					<div class="e-con-inner">
				<div class="elementor-element elementor-element-51e3129 elementor-widget elementor-widget-text-editor" data-id="51e3129" data-element_type="widget" data-e-type="widget" data-widget_type="text-editor.default">
									<p><strong><a href="https://www.unsta.edu.ar/humanidades/wp-content/uploads/sites/9/2024/07/RR-1556-23-Reglamento-de-Humanidades_compressed-1.pdf" target="_blank" rel="noopener">Resolución de Rectorado N° 1556-2023</a> </strong></p>								</div>
				<div class="elementor-element elementor-element-f3fa440 elementor-widget elementor-widget-text-editor" data-id="f3fa440" data-element_type="widget" data-e-type="widget" data-widget_type="text-editor.default">
									<p><strong><a href="https://www.unsta.edu.ar/humanidades/wp-content/uploads/sites/9/2024/07/RR-1558-23-REGLAMENTO-DEL-CONSEJO-ACADEMICO-DE-FAC.-HOMOLOGACION-1.pdf" target="_blank" rel="noopener">Resolución de Rectorado N° 1558-2023</a> </strong></p>								</div>
				<div class="elementor-element elementor-element-d36e21f elementor-widget elementor-widget-text-editor" data-id="d36e21f" data-element_type="widget" data-e-type="widget" data-widget_type="text-editor.default">
									<p><strong><a href="https://www.unsta.edu.ar/humanidades/wp-content/uploads/sites/9/2024/07/RR-1564-23-PLAN-DE-GESTION-FACULTAD-DE-HUMANIDADES.pdf" target="_blank" rel="noopener">Resolución de Rectorado N° 1564-2023</a> </strong></p>								</div>
					</div>
				</div>
				</div>

<p>Consejo Académico El Consejo Académico Conforme al Art. 26 del Reglamento de la Facultad de Humanidades, el Consejo académico de la FH es un órgano integrado por el Decano, el Secretario Académico y miembros de la planta docente elegidos entre los profesores de la Facultad. Se reúne periódicamente y es presidido por el Decano. Actualmente &hellip; </p>
<p class="link-more"><a href="https://www.unsta.edu.ar/humanidades/consejo-academico/" class="more-link">Seguí leyendo<span class="screen-reader-text"> &#8220;Consejo Académico&#8221;</span></a></p>
