{"id":353,"date":"2019-03-27T15:26:19","date_gmt":"2019-03-27T18:26:19","guid":{"rendered":"http:\/\/www.unsta.edu.ar\/cuc\/?page_id=353"},"modified":"2020-05-28T20:02:03","modified_gmt":"2020-05-28T23:02:03","slug":"noticias-cuc","status":"publish","type":"page","link":"https:\/\/www.unsta.edu.ar\/cuc\/noticias-cuc\/","title":{"rendered":"Noticias CUC"},"content":{"rendered":"\t\t<div data-elementor-type=\"wp-post\" data-elementor-id=\"353\" class=\"elementor elementor-353\" data-elementor-post-type=\"page\">\n\t\t\t\t\t\t<section class=\"elementor-section elementor-top-section elementor-element elementor-element-7abff0b elementor-section-full_width elementor-section-height-default elementor-section-height-default\" data-id=\"7abff0b\" data-element_type=\"section\" data-e-type=\"section\">\n\t\t\t\t\t\t<div class=\"elementor-container elementor-column-gap-default\">\n\t\t\t\t\t<div class=\"elementor-column elementor-col-100 elementor-top-column elementor-element elementor-element-b458f67\" data-id=\"b458f67\" data-element_type=\"column\" data-e-type=\"column\">\n\t\t\t<div class=\"elementor-widget-wrap elementor-element-populated\">\n\t\t\t\t\t\t<section class=\"elementor-section elementor-inner-section elementor-element elementor-element-dc2b4d2 elementor-section-boxed elementor-section-height-default elementor-section-height-default\" data-id=\"dc2b4d2\" data-element_type=\"section\" data-e-type=\"section\">\n\t\t\t\t\t\t<div class=\"elementor-container elementor-column-gap-default\">\n\t\t\t\t\t<div class=\"elementor-column elementor-col-100 elementor-inner-column elementor-element elementor-element-6749460\" data-id=\"6749460\" data-element_type=\"column\" data-e-type=\"column\">\n\t\t\t<div class=\"elementor-widget-wrap elementor-element-populated\">\n\t\t\t\t\t\t<div class=\"elementor-element elementor-element-ac2c234 elementor-widget elementor-widget-heading\" data-id=\"ac2c234\" data-element_type=\"widget\" data-e-type=\"widget\" data-widget_type=\"heading.default\">\n\t\t\t\t\t<h3 class=\"elementor-heading-title elementor-size-default\">\u00daltimas novedades<\/h3>\t\t\t\t<\/div>\n\t\t\t\t\t<\/div>\n\t\t<\/div>\n\t\t\t\t\t<\/div>\n\t\t<\/section>\n\t\t\t\t<section class=\"elementor-section elementor-inner-section elementor-element elementor-element-3eb73c9 elementor-section-boxed elementor-section-height-default elementor-section-height-default\" data-id=\"3eb73c9\" data-element_type=\"section\" data-e-type=\"section\">\n\t\t\t\t\t\t<div class=\"elementor-container elementor-column-gap-default\">\n\t\t\t\t\t<div class=\"elementor-column elementor-col-100 elementor-inner-column elementor-element elementor-element-68d520e\" data-id=\"68d520e\" data-element_type=\"column\" data-e-type=\"column\">\n\t\t\t<div class=\"elementor-widget-wrap elementor-element-populated\">\n\t\t\t\t\t\t<div class=\"elementor-element elementor-element-7af6022 elementor-posts--align-left elementor-grid-3 elementor-grid-tablet-2 elementor-grid-mobile-1 elementor-posts--thumbnail-top elementor-posts__hover-gradient elementor-widget elementor-widget-posts\" data-id=\"7af6022\" data-element_type=\"widget\" data-e-type=\"widget\" data-settings=\"{&quot;pagination_type&quot;:&quot;numbers_and_prev_next&quot;,&quot;cards_row_gap&quot;:{&quot;unit&quot;:&quot;px&quot;,&quot;size&quot;:27,&quot;sizes&quot;:[]},&quot;cards_columns&quot;:&quot;3&quot;,&quot;cards_columns_tablet&quot;:&quot;2&quot;,&quot;cards_columns_mobile&quot;:&quot;1&quot;,&quot;cards_row_gap_tablet&quot;:{&quot;unit&quot;:&quot;px&quot;,&quot;size&quot;:&quot;&quot;,&quot;sizes&quot;:[]},&quot;cards_row_gap_mobile&quot;:{&quot;unit&quot;:&quot;px&quot;,&quot;size&quot;:&quot;&quot;,&quot;sizes&quot;:[]}}\" data-widget_type=\"posts.cards\">\n\t\t\t\t<div class=\"elementor-widget-container\">\n\t\t\t\t\t\t\t<div class=\"elementor-posts-container elementor-posts elementor-posts--skin-cards elementor-grid\" role=\"list\">\n\t\t\t\t<article class=\"elementor-post elementor-grid-item post-2727 post type-post status-publish format-standard has-post-thumbnail hentry category-noticias\" role=\"listitem\">\n\t\t\t<div class=\"elementor-post__card\">\n\t\t\t\t<a class=\"elementor-post__thumbnail__link\" href=\"https:\/\/www.unsta.edu.ar\/cuc\/temas-selectos-de-etica-para-docentes-en-la-unsta-universidad-del-norte-santo-tomas-de-aquino\/\" tabindex=\"-1\" ><div class=\"elementor-post__thumbnail\"><img fetchpriority=\"high\" decoding=\"async\" width=\"300\" height=\"300\" src=\"https:\/\/www.unsta.edu.ar\/cuc\/wp-content\/uploads\/sites\/11\/2025\/03\/a-scaled-300x300.jpg\" class=\"attachment-medium size-medium wp-image-2728\" alt=\"\" srcset=\"https:\/\/www.unsta.edu.ar\/cuc\/wp-content\/uploads\/sites\/11\/2025\/03\/a-scaled-300x300.jpg 300w, https:\/\/www.unsta.edu.ar\/cuc\/wp-content\/uploads\/sites\/11\/2025\/03\/a-scaled-150x150.jpg 150w, https:\/\/www.unsta.edu.ar\/cuc\/wp-content\/uploads\/sites\/11\/2025\/03\/a-scaled-100x100.jpg 100w, https:\/\/www.unsta.edu.ar\/cuc\/wp-content\/uploads\/sites\/11\/2025\/03\/a-scaled-45x45.jpg 45w\" sizes=\"100vw\" \/><\/div><\/a>\n\t\t\t\t<div class=\"elementor-post__text\">\n\t\t\t\t<h3 class=\"elementor-post__title\">\n\t\t\t<a href=\"https:\/\/www.unsta.edu.ar\/cuc\/temas-selectos-de-etica-para-docentes-en-la-unsta-universidad-del-norte-santo-tomas-de-aquino\/\" >\n\t\t\t\tTemas selectos de \u00e9tica para docentes en la UNSTA (Universidad del Norte Santo Tom\u00e1s de Aquino)\t\t\t<\/a>\n\t\t<\/h3>\n\t\t\t\t<\/div>\n\t\t\t\t<div class=\"elementor-post__meta-data\">\n\t\t\t\t\t<span class=\"elementor-post-date\">\n\t\t\t25 marzo, 2025\t\t<\/span>\n\t\t\t\t<\/div>\n\t\t\t\t\t<\/div>\n\t\t<\/article>\n\t\t\t\t<article class=\"elementor-post elementor-grid-item post-2723 post type-post status-publish format-standard has-post-thumbnail hentry category-noticias\" role=\"listitem\">\n\t\t\t<div class=\"elementor-post__card\">\n\t\t\t\t<a class=\"elementor-post__thumbnail__link\" href=\"https:\/\/www.unsta.edu.ar\/cuc\/lectio-inauguralis-2025\/\" tabindex=\"-1\" ><div class=\"elementor-post__thumbnail\"><img decoding=\"async\" width=\"300\" height=\"300\" src=\"https:\/\/www.unsta.edu.ar\/cuc\/wp-content\/uploads\/sites\/11\/2025\/03\/getlstd-property-photo-300x300.jpg\" class=\"attachment-medium size-medium wp-image-2724\" alt=\"\" srcset=\"https:\/\/www.unsta.edu.ar\/cuc\/wp-content\/uploads\/sites\/11\/2025\/03\/getlstd-property-photo-300x300.jpg 300w, https:\/\/www.unsta.edu.ar\/cuc\/wp-content\/uploads\/sites\/11\/2025\/03\/getlstd-property-photo-150x150.jpg 150w, https:\/\/www.unsta.edu.ar\/cuc\/wp-content\/uploads\/sites\/11\/2025\/03\/getlstd-property-photo-100x100.jpg 100w, https:\/\/www.unsta.edu.ar\/cuc\/wp-content\/uploads\/sites\/11\/2025\/03\/getlstd-property-photo-45x45.jpg 45w\" sizes=\"100vw\" \/><\/div><\/a>\n\t\t\t\t<div class=\"elementor-post__text\">\n\t\t\t\t<h3 class=\"elementor-post__title\">\n\t\t\t<a href=\"https:\/\/www.unsta.edu.ar\/cuc\/lectio-inauguralis-2025\/\" >\n\t\t\t\tLectio Inauguralis 2025\t\t\t<\/a>\n\t\t<\/h3>\n\t\t\t\t<\/div>\n\t\t\t\t<div class=\"elementor-post__meta-data\">\n\t\t\t\t\t<span class=\"elementor-post-date\">\n\t\t\t14 marzo, 2025\t\t<\/span>\n\t\t\t\t<\/div>\n\t\t\t\t\t<\/div>\n\t\t<\/article>\n\t\t\t\t<article class=\"elementor-post elementor-grid-item post-2619 post type-post status-publish format-standard has-post-thumbnail hentry category-noticias tag-servicio-de-investigacion-y-desarrollo\" role=\"listitem\">\n\t\t\t<div class=\"elementor-post__card\">\n\t\t\t\t<a class=\"elementor-post__thumbnail__link\" href=\"https:\/\/www.unsta.edu.ar\/cuc\/jornada-de-investigacion-de-estudiantes-un-exito-rotundo\/\" tabindex=\"-1\" ><div class=\"elementor-post__thumbnail\"><img decoding=\"async\" width=\"300\" height=\"300\" src=\"https:\/\/www.unsta.edu.ar\/cuc\/wp-content\/uploads\/sites\/11\/2024\/09\/Jornada-de-Investigacion-de-Estudiantes-Un-Exito-Rotundo-300x300.gif\" class=\"attachment-medium size-medium wp-image-2622\" alt=\"\" srcset=\"https:\/\/www.unsta.edu.ar\/cuc\/wp-content\/uploads\/sites\/11\/2024\/09\/Jornada-de-Investigacion-de-Estudiantes-Un-Exito-Rotundo-300x300.gif 300w, https:\/\/www.unsta.edu.ar\/cuc\/wp-content\/uploads\/sites\/11\/2024\/09\/Jornada-de-Investigacion-de-Estudiantes-Un-Exito-Rotundo-150x150.gif 150w, https:\/\/www.unsta.edu.ar\/cuc\/wp-content\/uploads\/sites\/11\/2024\/09\/Jornada-de-Investigacion-de-Estudiantes-Un-Exito-Rotundo-100x100.gif 100w, https:\/\/www.unsta.edu.ar\/cuc\/wp-content\/uploads\/sites\/11\/2024\/09\/Jornada-de-Investigacion-de-Estudiantes-Un-Exito-Rotundo-45x45.gif 45w\" sizes=\"100vw\" \/><\/div><\/a>\n\t\t\t\t<div class=\"elementor-post__text\">\n\t\t\t\t<h3 class=\"elementor-post__title\">\n\t\t\t<a href=\"https:\/\/www.unsta.edu.ar\/cuc\/jornada-de-investigacion-de-estudiantes-un-exito-rotundo\/\" >\n\t\t\t\tJornada de Investigaci\u00f3n de Estudiantes: Un \u00c9xito Rotundo\t\t\t<\/a>\n\t\t<\/h3>\n\t\t\t\t<\/div>\n\t\t\t\t<div class=\"elementor-post__meta-data\">\n\t\t\t\t\t<span class=\"elementor-post-date\">\n\t\t\t19 septiembre, 2024\t\t<\/span>\n\t\t\t\t<\/div>\n\t\t\t\t\t<\/div>\n\t\t<\/article>\n\t\t\t\t<article class=\"elementor-post elementor-grid-item post-2613 post type-post status-publish format-standard has-post-thumbnail hentry category-noticias\" role=\"listitem\">\n\t\t\t<div class=\"elementor-post__card\">\n\t\t\t\t<a class=\"elementor-post__thumbnail__link\" href=\"https:\/\/www.unsta.edu.ar\/cuc\/vii-congreso-internacional-de-hermeneutica-gadameriana\/\" tabindex=\"-1\" ><div class=\"elementor-post__thumbnail\"><img loading=\"lazy\" decoding=\"async\" width=\"300\" height=\"300\" src=\"https:\/\/www.unsta.edu.ar\/cuc\/wp-content\/uploads\/sites\/11\/2024\/04\/Pedido-769_Web-300x300.jpg\" class=\"attachment-medium size-medium wp-image-2614\" alt=\"\" srcset=\"https:\/\/www.unsta.edu.ar\/cuc\/wp-content\/uploads\/sites\/11\/2024\/04\/Pedido-769_Web-300x300.jpg 300w, https:\/\/www.unsta.edu.ar\/cuc\/wp-content\/uploads\/sites\/11\/2024\/04\/Pedido-769_Web-150x150.jpg 150w, https:\/\/www.unsta.edu.ar\/cuc\/wp-content\/uploads\/sites\/11\/2024\/04\/Pedido-769_Web-100x100.jpg 100w, https:\/\/www.unsta.edu.ar\/cuc\/wp-content\/uploads\/sites\/11\/2024\/04\/Pedido-769_Web-45x45.jpg 45w\" sizes=\"100vw\" \/><\/div><\/a>\n\t\t\t\t<div class=\"elementor-post__text\">\n\t\t\t\t<h3 class=\"elementor-post__title\">\n\t\t\t<a href=\"https:\/\/www.unsta.edu.ar\/cuc\/vii-congreso-internacional-de-hermeneutica-gadameriana\/\" >\n\t\t\t\tVII Congreso Internacional de Hermen\u00e9utica Gadameriana\t\t\t<\/a>\n\t\t<\/h3>\n\t\t\t\t<\/div>\n\t\t\t\t<div class=\"elementor-post__meta-data\">\n\t\t\t\t\t<span class=\"elementor-post-date\">\n\t\t\t30 abril, 2024\t\t<\/span>\n\t\t\t\t<\/div>\n\t\t\t\t\t<\/div>\n\t\t<\/article>\n\t\t\t\t<article class=\"elementor-post elementor-grid-item post-2610 post type-post status-publish format-standard has-post-thumbnail hentry category-noticias\" role=\"listitem\">\n\t\t\t<div class=\"elementor-post__card\">\n\t\t\t\t<a class=\"elementor-post__thumbnail__link\" href=\"https:\/\/www.unsta.edu.ar\/cuc\/curso-la-ensenanza-activa-para-la-comprension-y-expresion-de-nuestros-estudiantes\/\" tabindex=\"-1\" ><div class=\"elementor-post__thumbnail\"><img loading=\"lazy\" decoding=\"async\" width=\"300\" height=\"300\" src=\"https:\/\/www.unsta.edu.ar\/cuc\/wp-content\/uploads\/sites\/11\/2024\/04\/Ensenanza-activa-2024-1-1-300x300.png\" class=\"attachment-medium size-medium wp-image-2611\" alt=\"\" srcset=\"https:\/\/www.unsta.edu.ar\/cuc\/wp-content\/uploads\/sites\/11\/2024\/04\/Ensenanza-activa-2024-1-1-300x300.png 300w, https:\/\/www.unsta.edu.ar\/cuc\/wp-content\/uploads\/sites\/11\/2024\/04\/Ensenanza-activa-2024-1-1-150x150.png 150w, https:\/\/www.unsta.edu.ar\/cuc\/wp-content\/uploads\/sites\/11\/2024\/04\/Ensenanza-activa-2024-1-1-100x100.png 100w, https:\/\/www.unsta.edu.ar\/cuc\/wp-content\/uploads\/sites\/11\/2024\/04\/Ensenanza-activa-2024-1-1-45x45.png 45w\" sizes=\"100vw\" \/><\/div><\/a>\n\t\t\t\t<div class=\"elementor-post__text\">\n\t\t\t\t<h3 class=\"elementor-post__title\">\n\t\t\t<a href=\"https:\/\/www.unsta.edu.ar\/cuc\/curso-la-ensenanza-activa-para-la-comprension-y-expresion-de-nuestros-estudiantes\/\" >\n\t\t\t\tCurso: La ense\u00f1anza activa para mejorar la comprensi\u00f3n y expresi\u00f3n de nuestros estudiantes\t\t\t<\/a>\n\t\t<\/h3>\n\t\t\t\t<\/div>\n\t\t\t\t<div class=\"elementor-post__meta-data\">\n\t\t\t\t\t<span class=\"elementor-post-date\">\n\t\t\t17 abril, 2024\t\t<\/span>\n\t\t\t\t<\/div>\n\t\t\t\t\t<\/div>\n\t\t<\/article>\n\t\t\t\t<article class=\"elementor-post elementor-grid-item post-2607 post type-post status-publish format-standard has-post-thumbnail hentry category-noticias\" role=\"listitem\">\n\t\t\t<div class=\"elementor-post__card\">\n\t\t\t\t<a class=\"elementor-post__thumbnail__link\" href=\"https:\/\/www.unsta.edu.ar\/cuc\/jornadas-de-intercambio-del-sistema-cientifico-tecnico-de-tucuman\/\" tabindex=\"-1\" ><div class=\"elementor-post__thumbnail\"><img loading=\"lazy\" decoding=\"async\" width=\"300\" height=\"300\" src=\"https:\/\/www.unsta.edu.ar\/cuc\/wp-content\/uploads\/sites\/11\/2024\/03\/Flyer-Jornada-SCTT-Florencia-Araoz-scaled-300x300.jpeg\" class=\"attachment-medium size-medium wp-image-2608\" alt=\"\" srcset=\"https:\/\/www.unsta.edu.ar\/cuc\/wp-content\/uploads\/sites\/11\/2024\/03\/Flyer-Jornada-SCTT-Florencia-Araoz-scaled-300x300.jpeg 300w, https:\/\/www.unsta.edu.ar\/cuc\/wp-content\/uploads\/sites\/11\/2024\/03\/Flyer-Jornada-SCTT-Florencia-Araoz-scaled-150x150.jpeg 150w, https:\/\/www.unsta.edu.ar\/cuc\/wp-content\/uploads\/sites\/11\/2024\/03\/Flyer-Jornada-SCTT-Florencia-Araoz-scaled-100x100.jpeg 100w, https:\/\/www.unsta.edu.ar\/cuc\/wp-content\/uploads\/sites\/11\/2024\/03\/Flyer-Jornada-SCTT-Florencia-Araoz-scaled-45x45.jpeg 45w\" sizes=\"100vw\" \/><\/div><\/a>\n\t\t\t\t<div class=\"elementor-post__text\">\n\t\t\t\t<h3 class=\"elementor-post__title\">\n\t\t\t<a href=\"https:\/\/www.unsta.edu.ar\/cuc\/jornadas-de-intercambio-del-sistema-cientifico-tecnico-de-tucuman\/\" >\n\t\t\t\tJornadas de Intercambio del Sistema Cient\u00edfico T\u00e9cnico de Tucum\u00e1n\t\t\t<\/a>\n\t\t<\/h3>\n\t\t\t\t<\/div>\n\t\t\t\t<div class=\"elementor-post__meta-data\">\n\t\t\t\t\t<span class=\"elementor-post-date\">\n\t\t\t15 marzo, 2024\t\t<\/span>\n\t\t\t\t<\/div>\n\t\t\t\t\t<\/div>\n\t\t<\/article>\n\t\t\t\t<\/div>\n\t\t\n\t\t\t\t<div class=\"e-load-more-anchor\" data-page=\"1\" data-max-page=\"46\" data-next-page=\"https:\/\/www.unsta.edu.ar\/cuc\/wp-json\/wp\/v2\/pages\/353\/page\/2\/\"><\/div>\n\t\t\t\t<nav class=\"elementor-pagination\" aria-label=\"Pagination\">\n\t\t\t<span class=\"page-numbers prev\">Anterior<\/span>\n<span aria-current=\"page\" class=\"page-numbers current\"><span class=\"elementor-screen-only\">Page<\/span>1<\/span>\n<a class=\"page-numbers\" href=\"https:\/\/www.unsta.edu.ar\/cuc\/wp-json\/wp\/v2\/pages\/353\/page\/2\/\"><span class=\"elementor-screen-only\">Page<\/span>2<\/a>\n<a class=\"page-numbers\" href=\"https:\/\/www.unsta.edu.ar\/cuc\/wp-json\/wp\/v2\/pages\/353\/page\/3\/\"><span class=\"elementor-screen-only\">Page<\/span>3<\/a>\n<span class=\"page-numbers dots\">&hellip;<\/span>\n<a class=\"page-numbers\" href=\"https:\/\/www.unsta.edu.ar\/cuc\/wp-json\/wp\/v2\/pages\/353\/page\/5\/\"><span class=\"elementor-screen-only\">Page<\/span>5<\/a>\n<a class=\"page-numbers next\" href=\"https:\/\/www.unsta.edu.ar\/cuc\/wp-json\/wp\/v2\/pages\/353\/page\/2\/\">Despu\u00e9s<\/a>\t\t<\/nav>\n\t\t\t\t\t\t<\/div>\n\t\t\t\t<\/div>\n\t\t\t\t\t<\/div>\n\t\t<\/div>\n\t\t\t\t\t<\/div>\n\t\t<\/section>\n\t\t\t\t\t<\/div>\n\t\t<\/div>\n\t\t\t\t\t<\/div>\n\t\t<\/section>\n\t\t\t\t<\/div>\n\t\t","protected":false},"excerpt":{"rendered":"<p>\u00daltimas novedades<\/p>\n","protected":false},"author":1,"featured_media":0,"parent":0,"menu_order":0,"comment_status":"closed","ping_status":"closed","template":"elementor_header_footer","meta":{"_acf_changed":false,"_angie_page":false,"footnotes":""},"class_list":["post-353","page","type-page","status-publish","hentry"],"acf":[],"_links":{"self":[{"href":"https:\/\/www.unsta.edu.ar\/cuc\/wp-json\/wp\/v2\/pages\/353","targetHints":{"allow":["GET"]}}],"collection":[{"href":"https:\/\/www.unsta.edu.ar\/cuc\/wp-json\/wp\/v2\/pages"}],"about":[{"href":"https:\/\/www.unsta.edu.ar\/cuc\/wp-json\/wp\/v2\/types\/page"}],"author":[{"embeddable":true,"href":"https:\/\/www.unsta.edu.ar\/cuc\/wp-json\/wp\/v2\/users\/1"}],"replies":[{"embeddable":true,"href":"https:\/\/www.unsta.edu.ar\/cuc\/wp-json\/wp\/v2\/comments?post=353"}],"version-history":[{"count":13,"href":"https:\/\/www.unsta.edu.ar\/cuc\/wp-json\/wp\/v2\/pages\/353\/revisions"}],"predecessor-version":[{"id":1180,"href":"https:\/\/www.unsta.edu.ar\/cuc\/wp-json\/wp\/v2\/pages\/353\/revisions\/1180"}],"wp:attachment":[{"href":"https:\/\/www.unsta.edu.ar\/cuc\/wp-json\/wp\/v2\/media?parent=353"}],"curies":[{"name":"wp","href":"https:\/\/api.w.org\/{rel}","templated":true}]}}